{"id":830,"date":"2021-10-08T16:12:59","date_gmt":"2021-10-08T16:12:59","guid":{"rendered":"https:\/\/xn--kemenesmagasiltalnosiskola-hfce.hu\/?page_id=830"},"modified":"2021-10-08T16:23:26","modified_gmt":"2021-10-08T16:23:26","slug":"tanuloknak","status":"publish","type":"page","link":"https:\/\/xn--kemenesmagasiltalnosiskola-hfce.hu\/index.php\/tanuloknak\/","title":{"rendered":"Tanul\u00f3knak"},"content":{"rendered":"<h5><span style=\"color: #ff0000;\">Jelenleg nincs \u00e9rv\u00e9nyben!<\/span><\/h5>\n<p><span style=\"color: #0000ff;\"><strong>TANUL\u00d3KNAK<\/strong><\/span><\/p>\n<p><strong>A sz\u00e1jat \u00e9s orrot eltakar\u00f3 maszk visel\u00e9se<\/strong> <strong>k\u00f6telez\u0151:<\/strong><\/p>\n<ul>\n<li>ahol a v\u00e9d\u0151t\u00e1vols\u00e1g nem tarthat\u00f3 be,<\/li>\n<li><strong>\u00e9s a folyos\u00f3n<\/strong><\/li>\n<\/ul>\n<p>A megfelel\u0151 <strong>v\u00e9d\u0151t\u00e1vols\u00e1g betart\u00e1sa<\/strong> k\u00fcl\u00f6n\u00f6sen <strong>fontos a mosd\u00f3kban, illetve az \u00f6lt\u00f6z\u0151ben!<\/strong><\/p>\n<p>Az <strong>int\u00e9zm\u00e9nybe \u00e9rkez\u00e9skor<\/strong> minden bel\u00e9p\u0151nek:<\/p>\n<ul>\n<li><strong>alaposan kezet kell mosnia<\/strong><\/li>\n<li><strong>vagy fert\u0151tlen\u00edtenie kell a kez\u00e9t!<\/strong><\/li>\n<\/ul>\n<p><strong>A torl\u00f3d\u00e1s elker\u00fcl\u00e9se v\u00e9gett:<\/strong><\/p>\n<ul>\n<li>Az <strong>1-2. oszt\u00e1lyosok<\/strong> a <strong>h\u00e1ts\u00f3 kapun<\/strong> kereszt\u00fcl k\u00f6zlekednek.<\/li>\n<li>A <strong>3-4. \u00e9s 6. oszt\u00e1lyosok a f\u0151bej\u00e1ratot<\/strong>,<\/li>\n<li>az <strong> \u00e9s a 8.oszt\u00e1ly a mosd\u00f3k melletti h\u00e1ts\u00f3 bej\u00e1ratot<\/strong> haszn\u00e1lja nap k\u00f6zben.<\/li>\n<li>A <strong> oszt\u00e1ly az informatika teremb\u0151l a nevel\u0151i melletti bej\u00e1raton<\/strong> k\u00f6zlekedik d\u00e9lel\u0151tt.<\/li>\n<\/ul>\n<h6><span style=\"color: #008000;\"><strong>Illemhelyek haszn\u00e1lata:<\/strong><\/span><\/h6>\n<ul>\n<li>Az 1-2. oszt\u00e1lyosok a k\u00fcl\u00f6n mosd\u00f3t haszn\u00e1lj\u00e1k.<\/li>\n<li>Illemhely haszn\u00e1lata ut\u00e1n alaposan kezet kell mosni, fert\u0151tlen\u00edteni kell a kezet!<\/li>\n<li><strong>K\u00e9zt\u00f6rl\u00e9sre pap\u00edrt\u00f6rl\u0151t kell haszn\u00e1lni! <\/strong>Haszn\u00e1lat k\u00f6zben t\u00f6rekedj arra, hogy a <strong>pap\u00edrt\u00f6rl\u0151t ne pazarold<\/strong>! Haszn\u00e1lt pap\u00edrt\u00f6rl\u0151t a <strong>kijel\u00f6lt gy\u0171jt\u0151ed\u00e9nybe kell belehelyezni<\/strong>!<\/li>\n<\/ul>\n<h6><span style=\"color: #008000;\"><strong>Meg kell tanulni! A t\u00fcsszent\u00e9si, k\u00f6h\u00f6g\u00e9si etikett:<\/strong><\/span><\/h6>\n<ol>\n<li><strong>Pap\u00edrzsebkend\u0151t kell haszn\u00e1lni<\/strong> k\u00f6h\u00f6g\u00e9skor, t\u00fcsszent\u00e9skor (belek\u00f6h\u00f6g\u00e9s, belet\u00fcsszent\u00e9s). Ha nincs n\u00e1lad, vagy nem tudod el\u0151venni, akkor a k\u00f6ny\u00f6khajla-todba t\u00fcsszents, k\u00f6h\u00f6gj!<\/li>\n<li>A <strong>haszn\u00e1lt zsebkend\u0151t a kuk\u00e1ba kell dobni<\/strong>!<\/li>\n<li>Majd <strong>alaposan kezet kell mosni vagy esetleg k\u00e9zfert\u0151tlen\u00edt\u00e9st kell v\u00e9gezni<\/strong>.<\/li>\n<\/ol>\n<h6><span style=\"color: #008000;\"><strong>\u00c9tkez\u00e9sek<\/strong><\/span><\/h6>\n<p><strong>\u00c9tkez\u00e9sek el\u0151tt \u00e9s ut\u00e1n<\/strong> is mindig k\u00f6telez\u0151 az <strong>alapos k\u00e9zmos\u00e1s<\/strong>, <strong>k\u00e9zfert\u0151tlen\u00edt\u00e9s!<\/strong><\/p>\n<h6><span style=\"color: #008000;\"><strong>T\u00edz\u00f3raiz\u00e1s szab\u00e1lyai:<\/strong><\/span><\/h6>\n<ul>\n<li>Az 1. \u00e9s 2. oszt\u00e1ly a tanteremben fogyasztja el a t\u00edz\u00f3rait.<\/li>\n<li>A 3-8. oszt\u00e1lyosok az eb\u00e9dl\u0151ben t\u00edz\u00f3raiznak, meg\u00e9rkez\u00e9s ut\u00e1n folyamatosan.<\/li>\n<\/ul>\n<p>Nagyon <strong>figyelni kell arra,<\/strong> hogy akkor menj reggelizni vagy eb\u00e9delni, amikor a neked kijel\u00f6lt id\u0151 van! <strong>Ker\u00fclj\u00fck a csoportosul\u00e1st!<\/strong><\/p>\n<ul>\n<li><strong>\u00c9tkez\u00e9skor ne fogdosd \u00f6ssze a kirakott ev\u0151eszk\u00f6z\u00f6ket, poharakat!<\/strong> <strong>Amit megfogsz<\/strong>, azt <strong>ki is kell venni!<\/strong><\/li>\n<li><strong>\u00c9tkez\u00e9skor ne fogdosd \u00f6ssze a kirakott kenyeret!<\/strong> <strong>Amit megfogsz<\/strong>, azt <strong>ki is kell venni!<\/strong><\/li>\n<li><strong>T\u00edz\u00f3rai \u00e9s uzsonna higi\u00e9nikus t\u00e1rol\u00e1sa \u00e9rdek\u00e9ben, k\u00e9r\u00fcnk, hogy hozz magaddal zacsk\u00f3t vagy uzsonn\u00e1s dobozt!<\/strong><\/li>\n<\/ul>\n<h6><span style=\"color: #008000;\"><strong>Tantermek tisztas\u00e1ga, szell\u0151ztet\u00e9s<\/strong><\/span><\/h6>\n<p><strong>A kijel\u00f6lt termed tisztas\u00e1g\u00e1ra fokozottan \u00fcgyelj! <\/strong><\/p>\n<ul>\n<li><strong>A hetesek feladata a folyamatos <\/strong>vagy <strong>gyakori<\/strong> (\u00f3r\u00e1nk\u00e9nti) <strong>intenz\u00edv<\/strong> (teljes ablakfel\u00fcletet kit\u00e1r\u00f3) <strong>szell\u0151ztet\u00e9s.<\/strong><\/li>\n<li>Az id\u0151j\u00e1r\u00e1s nemsok\u00e1ra h\u0171v\u00f6sebbre fordul,<strong> a k\u00f6telez\u0151, gyakori szell\u0151ztet\u00e9s miatt \u00f6lt\u00f6z\u00e9ked ennek megfelel\u0151 legyen, <\/strong>nem szeretn\u00e9nk, ha f\u00e1zn\u00e1l!<\/li>\n<\/ul>\n<p>Nyomat\u00e9kosan k\u00e9rem mindenkit\u0151l, hogy tan\u00fas\u00edtson felel\u0151s magatart\u00e1st, hiszen a v\u00edrus terjed\u00e9s\u00e9t csak a szab\u00e1lyok betart\u00e1s\u00e1val tudjuk megakad\u00e1lyozni, lelass\u00edtani. Ebben a neh\u00e9z helyzetben k\u00e9rem az egy\u00fcttm\u0171k\u00f6d\u00e9seteket, mutass\u00e1tok meg, hogy k\u00e9pesek vagytok felel\u0151ss\u00e9gteljesen viselkedni, vigy\u00e1zni egym\u00e1sra \u00e9s magatokra!<\/p>\n","protected":false},"excerpt":{"rendered":"<p>Jelenleg nincs \u00e9rv\u00e9nyben! TANUL\u00d3KNAK A sz\u00e1jat \u00e9s orrot eltakar\u00f3 maszk visel\u00e9se k\u00f6telez\u0151: ahol a v\u00e9d\u0151t\u00e1vols\u00e1g nem tarthat\u00f3 be, \u00e9s a folyos\u00f3n A megfelel\u0151 v\u00e9d\u0151t\u00e1vols\u00e1g betart\u00e1sa k\u00fcl\u00f6n\u00f6sen fontos a mosd\u00f3kban, illetve az \u00f6lt\u00f6z\u0151ben! Az int\u00e9zm\u00e9nybe \u00e9rkez\u00e9skor minden bel\u00e9p\u0151nek: alaposan kezet kell mosnia vagy fert\u0151tlen\u00edtenie kell a kez\u00e9t! A torl\u00f3d\u00e1s elker\u00fcl\u00e9se v\u00e9gett: Az 1-2. oszt\u00e1lyosok a h\u00e1ts\u00f3&#8230;<\/p>\n<p class=\"more-link-wrap\"><a href=\"https:\/\/xn--kemenesmagasiltalnosiskola-hfce.hu\/index.php\/tanuloknak\/\" class=\"more-link\">Tov\u00e1bb<span class=\"screen-reader-text\"> &ldquo;Tanul\u00f3knak&rdquo;<\/span> &raquo;<\/a><\/p>\n","protected":false},"author":1,"featured_media":0,"parent":0,"menu_order":0,"comment_status":"closed","ping_status":"closed","template":"","meta":{"ngg_post_thumbnail":0,"footnotes":""},"class_list":["post-830","page","type-page","status-publish","hentry"],"_links":{"self":[{"href":"https:\/\/xn--kemenesmagasiltalnosiskola-hfce.hu\/index.php\/wp-json\/wp\/v2\/pages\/830","targetHints":{"allow":["GET"]}}],"collection":[{"href":"https:\/\/xn--kemenesmagasiltalnosiskola-hfce.hu\/index.php\/wp-json\/wp\/v2\/pages"}],"about":[{"href":"https:\/\/xn--kemenesmagasiltalnosiskola-hfce.hu\/index.php\/wp-json\/wp\/v2\/types\/page"}],"author":[{"embeddable":true,"href":"https:\/\/xn--kemenesmagasiltalnosiskola-hfce.hu\/index.php\/wp-json\/wp\/v2\/users\/1"}],"replies":[{"embeddable":true,"href":"https:\/\/xn--kemenesmagasiltalnosiskola-hfce.hu\/index.php\/wp-json\/wp\/v2\/comments?post=830"}],"version-history":[{"count":5,"href":"https:\/\/xn--kemenesmagasiltalnosiskola-hfce.hu\/index.php\/wp-json\/wp\/v2\/pages\/830\/revisions"}],"predecessor-version":[{"id":845,"href":"https:\/\/xn--kemenesmagasiltalnosiskola-hfce.hu\/index.php\/wp-json\/wp\/v2\/pages\/830\/revisions\/845"}],"wp:attachment":[{"href":"https:\/\/xn--kemenesmagasiltalnosiskola-hfce.hu\/index.php\/wp-json\/wp\/v2\/media?parent=830"}],"curies":[{"name":"wp","href":"https:\/\/api.w.org\/{rel}","templated":true}]}}