{"id":603,"date":"2021-10-04T18:51:52","date_gmt":"2021-10-04T18:51:52","guid":{"rendered":"https:\/\/xn--kemenesmagasiltalnosiskola-hfce.hu\/?page_id=603"},"modified":"2021-10-05T13:11:26","modified_gmt":"2021-10-05T13:11:26","slug":"psze-megallapitasai","status":"publish","type":"page","link":"https:\/\/xn--kemenesmagasiltalnosiskola-hfce.hu\/index.php\/psze-megallapitasai\/","title":{"rendered":"PSZE meg\u00e1llap\u00edt\u00e1sai"},"content":{"rendered":"<p><strong>A pedag\u00f3giai-szakmai ellen\u0151rz\u00e9sek meg\u00e1llap\u00edt\u00e1sai a szem\u00e9lyes adatok v\u00e9delm\u00e9re vonatkoz\u00f3 jogszab\u00e1lyok megtart\u00e1s\u00e1val: <\/strong>Int\u00e9zm\u00e9nyvezet\u0151i tanfel\u00fcgyelet 2017.05.25. meg\u00e1llap\u00edt\u00e1sai<\/p>\n<ol>\n<li><strong>A tanul\u00e1s \u00e9s tan\u00edt\u00e1s strat\u00e9giai vezet\u00e9se \u00e9s operat\u00edv ir\u00e1ny\u00edt\u00e1sa<\/strong><\/li>\n<\/ol>\n<p>A kompetencia \u00e9rt\u00e9kel\u00e9se:<\/p>\n<p>Fejleszthet\u0151 ter\u00fclet: Kiemelked\u0151 ter\u00fcletek:<\/p>\n<p>Tev\u00e9kenys\u00e9geit rendszeresen fel\u00fclvizsg\u00e1lja, elemzi addigi d\u00f6nt\u00e9seit, \u00e9s a sz\u00fcks\u00e9ges m\u00e9rt\u00e9kben pozit\u00edv v\u00e1ltoz\u00e1sok ir\u00e1ny\u00e1ban v\u00e1ltoztat. Tiszt\u00e1ban van az er\u0151ss\u00e9geivel \u00e9s melyek azok a ter\u00fcletek, ahol fejleszt\u00e9sre van sz\u00fcks\u00e9ge. Nyitott koll\u00e9g\u00e1i v\u00e9lem\u00e9ny\u00e9re, \u00e9rt\u00e9kel\u00e9s\u00e9re. Ezek eredm\u00e9nyeit be\u00e9p\u00edti mindennapi tev\u00e9kenys\u00e9g\u00e9be. Lehet\u0151s\u00e9geihez m\u00e9rten r\u00e9szt vesz szakmai tov\u00e1bbk\u00e9pz\u00e9seken, online tov\u00e1bbk\u00e9pz\u00e9sek seg\u00edts\u00e9g\u00e9vel fejleszti tud\u00e1s\u00e1t.<\/p>\n<ol start=\"2\">\n<li><strong>A v\u00e1ltoz\u00e1sok strat\u00e9giai vezet\u00e9se \u00e9s operat\u00edv ir\u00e1ny\u00edt\u00e1sa<\/strong><\/li>\n<\/ol>\n<p>A kompetencia \u00e9rt\u00e9kel\u00e9se:<\/p>\n<p>Fejleszthet\u0151 ter\u00fcletek:<\/p>\n<p>Konfliktusok felold\u00e1sa.<\/p>\n<p>Kiemelked\u0151 ter\u00fcletek:<\/p>\n<p>A v\u00e1ltoz\u00e1sok folyamat\u00e1ban kezdett\u0151l fogva a lojalit\u00e1s, szakmai szolidarit\u00e1s jellemezte. A fenntart\u00f3val val\u00f3 egy\u00fcttm\u0171k\u00f6d\u00e9se p\u00e9lda\u00e9rt\u00e9k\u0171 lehet m\u00e1sok sz\u00e1m\u00e1ra is. Egyeztet, k\u00e9rdez, de megold\u00e1si javaslattal is sokszor rendelkezik a jelzett probl\u00e9ma vonatkoztat\u00e1s\u00e1ban. J\u00f3l haszn\u00e1lja ki a hum\u00e1n \u00e9s anyagi er\u0151forr\u00e1sokat, j\u00f3l teremt kapcsolatot. Mindenr\u0151l t\u00e1j\u00e9koztatja a fenntart\u00f3t.<\/p>\n<ol start=\"3\">\n<li><strong>\u00d6nmaga strat\u00e9giai vezet\u00e9se \u00e9s operat\u00edv ir\u00e1ny\u00edt\u00e1sa <\/strong><\/li>\n<\/ol>\n<p>A kompetencia \u00e9rt\u00e9kel\u00e9se:<\/p>\n<p>Fejleszthet\u0151 ter\u00fcletek:<\/p>\n<p>Hat\u00e9kony kommunik\u00e1ci\u00f3 a koll\u00e9g\u00e1kkal.<\/p>\n<p>Kiemelked\u0151 ter\u00fcletek:<\/p>\n<p>A vezet\u0151 kritikusan reflekt\u00e1l a saj\u00e1t szem\u00e9lyis\u00e9g\u00e9re, cselekedeteikre, \u00e9s (ha sz\u00fcks\u00e9ges) fel\u00fclvizsg\u00e1lja saj\u00e1t d\u00f6nt\u00e9seit (\u00f6nreflexi\u00f3 \u00e9s \u00f6n\u00e9rt\u00e9kel\u00e9s).<\/p>\n<ol start=\"4\">\n<li><strong>M\u00e1sok strat\u00e9giai vezet\u00e9s \u00e9s operat\u00edv ir\u00e1ny\u00edt\u00e1sa<\/strong><\/li>\n<\/ol>\n<p>A kompetencia \u00e9rt\u00e9kel\u00e9se:<\/p>\n<p>Fejleszthet\u0151 ter\u00fcletek:<\/p>\n<p>Hat\u00e9kony egy\u00fcttm\u0171k\u00f6d\u00e9st, csapatmunka a koll\u00e9g\u00e1k k\u00f6z\u00f6tt.<\/p>\n<p>Kiemelked\u0151 ter\u00fcletek:<\/p>\n<p>Szem\u00e9lyes kapcsolatot tart az int\u00e9zm\u00e9ny teljes munkat\u00e1rsi k\u00f6r\u00e9vel, odafigyel probl\u00e9m\u00e1ikra, \u00e9s v\u00e1laszt ad k\u00e9rd\u00e9seikre.<\/p>\n<ol start=\"5\">\n<li><strong>Az int\u00e9zm\u00e9ny strat\u00e9giai vezet\u00e9se \u00e9s operat\u00edv ir\u00e1ny\u00edt\u00e1sa<\/strong><\/li>\n<\/ol>\n<p>A kompetencia \u00e9rt\u00e9kel\u00e9se:<\/p>\n<p>Fejleszthet\u0151 ter\u00fcletek:<\/p>\n<p>Nincs.<\/p>\n<p>Kiemelked\u0151 ter\u00fcletek:<\/p>\n<p>Az int\u00e9zm\u00e9ny vezet\u00e9se hat\u00e1sk\u00f6r\u00e9nek megfelel\u0151en hat\u00e9konyan egy\u00fcttm\u0171k\u00f6dik a fenntart\u00f3val az emberi, p\u00e9nz\u00fcgyi \u00e9s t\u00e1rgyi er\u0151forr\u00e1sok biztos\u00edt\u00e1sa \u00e9rdek\u00e9ben.<\/p>\n","protected":false},"excerpt":{"rendered":"<p>A pedag\u00f3giai-szakmai ellen\u0151rz\u00e9sek meg\u00e1llap\u00edt\u00e1sai a szem\u00e9lyes adatok v\u00e9delm\u00e9re vonatkoz\u00f3 jogszab\u00e1lyok megtart\u00e1s\u00e1val: Int\u00e9zm\u00e9nyvezet\u0151i tanfel\u00fcgyelet 2017.05.25. meg\u00e1llap\u00edt\u00e1sai A tanul\u00e1s \u00e9s tan\u00edt\u00e1s strat\u00e9giai vezet\u00e9se \u00e9s operat\u00edv ir\u00e1ny\u00edt\u00e1sa A kompetencia \u00e9rt\u00e9kel\u00e9se: Fejleszthet\u0151 ter\u00fclet: Kiemelked\u0151 ter\u00fcletek: Tev\u00e9kenys\u00e9geit rendszeresen fel\u00fclvizsg\u00e1lja, elemzi addigi d\u00f6nt\u00e9seit, \u00e9s a sz\u00fcks\u00e9ges m\u00e9rt\u00e9kben pozit\u00edv v\u00e1ltoz\u00e1sok ir\u00e1ny\u00e1ban v\u00e1ltoztat. Tiszt\u00e1ban van az er\u0151ss\u00e9geivel \u00e9s melyek azok a ter\u00fcletek, ahol&#8230;<\/p>\n<p class=\"more-link-wrap\"><a href=\"https:\/\/xn--kemenesmagasiltalnosiskola-hfce.hu\/index.php\/psze-megallapitasai\/\" class=\"more-link\">Tov\u00e1bb<span class=\"screen-reader-text\"> &ldquo;PSZE meg\u00e1llap\u00edt\u00e1sai&rdquo;<\/span> &raquo;<\/a><\/p>\n","protected":false},"author":1,"featured_media":0,"parent":0,"menu_order":0,"comment_status":"closed","ping_status":"closed","template":"","meta":{"ngg_post_thumbnail":0,"footnotes":""},"class_list":["post-603","page","type-page","status-publish","hentry"],"_links":{"self":[{"href":"https:\/\/xn--kemenesmagasiltalnosiskola-hfce.hu\/index.php\/wp-json\/wp\/v2\/pages\/603","targetHints":{"allow":["GET"]}}],"collection":[{"href":"https:\/\/xn--kemenesmagasiltalnosiskola-hfce.hu\/index.php\/wp-json\/wp\/v2\/pages"}],"about":[{"href":"https:\/\/xn--kemenesmagasiltalnosiskola-hfce.hu\/index.php\/wp-json\/wp\/v2\/types\/page"}],"author":[{"embeddable":true,"href":"https:\/\/xn--kemenesmagasiltalnosiskola-hfce.hu\/index.php\/wp-json\/wp\/v2\/users\/1"}],"replies":[{"embeddable":true,"href":"https:\/\/xn--kemenesmagasiltalnosiskola-hfce.hu\/index.php\/wp-json\/wp\/v2\/comments?post=603"}],"version-history":[{"count":3,"href":"https:\/\/xn--kemenesmagasiltalnosiskola-hfce.hu\/index.php\/wp-json\/wp\/v2\/pages\/603\/revisions"}],"predecessor-version":[{"id":706,"href":"https:\/\/xn--kemenesmagasiltalnosiskola-hfce.hu\/index.php\/wp-json\/wp\/v2\/pages\/603\/revisions\/706"}],"wp:attachment":[{"href":"https:\/\/xn--kemenesmagasiltalnosiskola-hfce.hu\/index.php\/wp-json\/wp\/v2\/media?parent=603"}],"curies":[{"name":"wp","href":"https:\/\/api.w.org\/{rel}","templated":true}]}}