{"id":600,"date":"2021-10-04T18:51:52","date_gmt":"2021-10-04T18:51:52","guid":{"rendered":"https:\/\/xn--kemenesmagasiltalnosiskola-hfce.hu\/?page_id=600"},"modified":"2021-10-04T19:02:11","modified_gmt":"2021-10-04T19:02:11","slug":"teritesi-dij-tandij-egyeb-dijfizetes","status":"publish","type":"page","link":"https:\/\/xn--kemenesmagasiltalnosiskola-hfce.hu\/index.php\/teritesi-dij-tandij-egyeb-dijfizetes\/","title":{"rendered":"T\u00e9r\u00edt\u00e9si d\u00edj, tand\u00edj, egy\u00e9b d\u00edjfizet\u00e9s"},"content":{"rendered":"<p>Az iskolai oktat\u00e1s ingyenes.<\/p>\n<p><span style=\"color: #99cc00;\"><strong>\u00c9tkeztet\u00e9s:<\/strong><\/span><\/p>\n<ul>\n<li>Az iskola az ig\u00e9nyl\u0151 tanul\u00f3k sz\u00e1m\u00e1ra \u00e9tkez\u00e9si lehet\u0151s\u00e9get biztos\u00edt.<\/li>\n<li>Az \u00e9tkez\u00e9si t\u00e9r\u00edt\u00e9si d\u00edjakat az \u00e9lelmez\u00e9svezet\u0151 minden h\u00f3nap elej\u00e9n, 10-15. k\u00f6z\u00f6tt szedi be.<\/li>\n<li>A t\u00e9r\u00edt\u00e9si d\u00edjak meg\u00e1llap\u00edt\u00e1sakor adhat\u00f3 szoci\u00e1lis kedvezm\u00e9nyt a t\u00f6rv\u00e9ny \u00e1llap\u00edtja meg.<\/li>\n<li>Azok a tanul\u00f3k (illetve sz\u00fcleik), akik iskolai \u00e9tkeztet\u00e9sben r\u00e9szes\u00fclnek, betegs\u00e9g\u00fck, hi\u00e1nyz\u00e1suk eset\u00e9n, amennyiben az \u00e9tkez\u00e9st nem ig\u00e9nylik, az \u00e9lelmez\u00e9svezet\u0151n\u00e9l k\u00f6telesek bejelenteni hi\u00e1nyz\u00e1suk els\u0151 napj\u00e1t (8.00 \u00f3r\u00e1ig) \u00e9s vissza\u00e9rkez\u00e9s\u00fck v\u00e1rhat\u00f3 id\u0151pontj\u00e1t. Ennek elmulaszt\u00e1sa eset\u00e9n keletkez\u0151 t\u00f6bblet k\u00f6lts\u00e9g a sz\u00fcl\u0151t terheli.<\/li>\n<li>A \u00f6nkorm\u00e1nyzati konyha az ig\u00e9nybe nem vett \u00e9tkez\u00e9sekre el\u0151re befizetett d\u00edjat t\u00falfizet\u00e9sk\u00e9nt a k\u00f6vetkez\u0151 h\u00f3napra elsz\u00e1molja, ha ez nem lehets\u00e9ges, a sz\u00fcl\u0151 r\u00e9sz\u00e9re visszafizeti.<\/li>\n<\/ul>\n","protected":false},"excerpt":{"rendered":"<p>Az iskolai oktat\u00e1s ingyenes. \u00c9tkeztet\u00e9s: Az iskola az ig\u00e9nyl\u0151 tanul\u00f3k sz\u00e1m\u00e1ra \u00e9tkez\u00e9si lehet\u0151s\u00e9get biztos\u00edt. Az \u00e9tkez\u00e9si t\u00e9r\u00edt\u00e9si d\u00edjakat az \u00e9lelmez\u00e9svezet\u0151 minden h\u00f3nap elej\u00e9n, 10-15. k\u00f6z\u00f6tt szedi be. A t\u00e9r\u00edt\u00e9si d\u00edjak meg\u00e1llap\u00edt\u00e1sakor adhat\u00f3 szoci\u00e1lis kedvezm\u00e9nyt a t\u00f6rv\u00e9ny \u00e1llap\u00edtja meg. Azok a tanul\u00f3k (illetve sz\u00fcleik), akik iskolai \u00e9tkeztet\u00e9sben r\u00e9szes\u00fclnek, betegs\u00e9g\u00fck, hi\u00e1nyz\u00e1suk eset\u00e9n, amennyiben az \u00e9tkez\u00e9st nem ig\u00e9nylik,&#8230;<\/p>\n<p class=\"more-link-wrap\"><a href=\"https:\/\/xn--kemenesmagasiltalnosiskola-hfce.hu\/index.php\/teritesi-dij-tandij-egyeb-dijfizetes\/\" class=\"more-link\">Tov\u00e1bb<span class=\"screen-reader-text\"> &ldquo;T\u00e9r\u00edt\u00e9si d\u00edj, tand\u00edj, egy\u00e9b d\u00edjfizet\u00e9s&rdquo;<\/span> &raquo;<\/a><\/p>\n","protected":false},"author":1,"featured_media":0,"parent":0,"menu_order":0,"comment_status":"closed","ping_status":"closed","template":"","meta":{"ngg_post_thumbnail":0,"footnotes":""},"class_list":["post-600","page","type-page","status-publish","hentry"],"_links":{"self":[{"href":"https:\/\/xn--kemenesmagasiltalnosiskola-hfce.hu\/index.php\/wp-json\/wp\/v2\/pages\/600","targetHints":{"allow":["GET"]}}],"collection":[{"href":"https:\/\/xn--kemenesmagasiltalnosiskola-hfce.hu\/index.php\/wp-json\/wp\/v2\/pages"}],"about":[{"href":"https:\/\/xn--kemenesmagasiltalnosiskola-hfce.hu\/index.php\/wp-json\/wp\/v2\/types\/page"}],"author":[{"embeddable":true,"href":"https:\/\/xn--kemenesmagasiltalnosiskola-hfce.hu\/index.php\/wp-json\/wp\/v2\/users\/1"}],"replies":[{"embeddable":true,"href":"https:\/\/xn--kemenesmagasiltalnosiskola-hfce.hu\/index.php\/wp-json\/wp\/v2\/comments?post=600"}],"version-history":[{"count":3,"href":"https:\/\/xn--kemenesmagasiltalnosiskola-hfce.hu\/index.php\/wp-json\/wp\/v2\/pages\/600\/revisions"}],"predecessor-version":[{"id":622,"href":"https:\/\/xn--kemenesmagasiltalnosiskola-hfce.hu\/index.php\/wp-json\/wp\/v2\/pages\/600\/revisions\/622"}],"wp:attachment":[{"href":"https:\/\/xn--kemenesmagasiltalnosiskola-hfce.hu\/index.php\/wp-json\/wp\/v2\/media?parent=600"}],"curies":[{"name":"wp","href":"https:\/\/api.w.org\/{rel}","templated":true}]}}