{"id":507,"date":"2021-09-27T13:32:43","date_gmt":"2021-09-27T13:32:43","guid":{"rendered":"https:\/\/xn--kemenesmagasiltalnosiskola-hfce.hu\/?page_id=507"},"modified":"2021-10-08T10:19:00","modified_gmt":"2021-10-08T10:19:00","slug":"beiskolazasi-korzet","status":"publish","type":"page","link":"https:\/\/xn--kemenesmagasiltalnosiskola-hfce.hu\/index.php\/beiskolazasi-korzet\/","title":{"rendered":"Beiskol\u00e1z\u00e1si k\u00f6rzet"},"content":{"rendered":"<p>Iskol\u00e1nk beiskol\u00e1z\u00e1si k\u00f6rzete Kemenesmagasi, Szerg\u00e9ny \u00e9s V\u00f6n\u00f6ck k\u00f6zs\u00e9gek.<\/p>\n<p>Int\u00e9zm\u00e9ny\u00fcnkbe fogadunk m\u00e1s telep\u00fcl\u00e9sekr\u0151l is di\u00e1kokat. Szeretettel v\u00e1rjuk azokat, akik csal\u00e1dias, bar\u00e1ts\u00e1gos l\u00e9gk\u00f6rben, kis l\u00e9tsz\u00e1m\u00fa oszt\u00e1lyokban, sok-sok egy\u00e9ni odafigyel\u00e9s mellett szeretn\u00e9nek tanulni.<\/p>\n<p>Jelenleg is tan\u00edtunk, nevel\u00fcnk di\u00e1kokat Kemenesh\u0151gy\u00e9szb\u0151l, P\u00e1pocr\u00f3l, Nagysimonyib\u00f3l, Kemenesszentm\u00e1rtonb\u00f3l, Celld\u00f6m\u00f6lkr\u0151l, R\u00e9pcelakr\u00f3l, Kemenesmih\u00e1lyf\u00e1r\u00f3l. Iskolabuszunk sz\u00e1ll\u00edtja a gyermekeket minden reggel \u00e9s d\u00e9lut\u00e1n.<\/p>\n","protected":false},"excerpt":{"rendered":"<p>Iskol\u00e1nk beiskol\u00e1z\u00e1si k\u00f6rzete Kemenesmagasi, Szerg\u00e9ny \u00e9s V\u00f6n\u00f6ck k\u00f6zs\u00e9gek. Int\u00e9zm\u00e9ny\u00fcnkbe fogadunk m\u00e1s telep\u00fcl\u00e9sekr\u0151l is di\u00e1kokat. Szeretettel v\u00e1rjuk azokat, akik csal\u00e1dias, bar\u00e1ts\u00e1gos l\u00e9gk\u00f6rben, kis l\u00e9tsz\u00e1m\u00fa oszt\u00e1lyokban, sok-sok egy\u00e9ni odafigyel\u00e9s mellett szeretn\u00e9nek tanulni. Jelenleg is tan\u00edtunk, nevel\u00fcnk di\u00e1kokat Kemenesh\u0151gy\u00e9szb\u0151l, P\u00e1pocr\u00f3l, Nagysimonyib\u00f3l, Kemenesszentm\u00e1rtonb\u00f3l, Celld\u00f6m\u00f6lkr\u0151l, R\u00e9pcelakr\u00f3l, Kemenesmih\u00e1lyf\u00e1r\u00f3l. Iskolabuszunk sz\u00e1ll\u00edtja a gyermekeket minden reggel \u00e9s d\u00e9lut\u00e1n.<\/p>\n","protected":false},"author":1,"featured_media":0,"parent":0,"menu_order":0,"comment_status":"closed","ping_status":"closed","template":"","meta":{"ngg_post_thumbnail":0,"footnotes":""},"class_list":["post-507","page","type-page","status-publish","hentry"],"_links":{"self":[{"href":"https:\/\/xn--kemenesmagasiltalnosiskola-hfce.hu\/index.php\/wp-json\/wp\/v2\/pages\/507","targetHints":{"allow":["GET"]}}],"collection":[{"href":"https:\/\/xn--kemenesmagasiltalnosiskola-hfce.hu\/index.php\/wp-json\/wp\/v2\/pages"}],"about":[{"href":"https:\/\/xn--kemenesmagasiltalnosiskola-hfce.hu\/index.php\/wp-json\/wp\/v2\/types\/page"}],"author":[{"embeddable":true,"href":"https:\/\/xn--kemenesmagasiltalnosiskola-hfce.hu\/index.php\/wp-json\/wp\/v2\/users\/1"}],"replies":[{"embeddable":true,"href":"https:\/\/xn--kemenesmagasiltalnosiskola-hfce.hu\/index.php\/wp-json\/wp\/v2\/comments?post=507"}],"version-history":[{"count":3,"href":"https:\/\/xn--kemenesmagasiltalnosiskola-hfce.hu\/index.php\/wp-json\/wp\/v2\/pages\/507\/revisions"}],"predecessor-version":[{"id":814,"href":"https:\/\/xn--kemenesmagasiltalnosiskola-hfce.hu\/index.php\/wp-json\/wp\/v2\/pages\/507\/revisions\/814"}],"wp:attachment":[{"href":"https:\/\/xn--kemenesmagasiltalnosiskola-hfce.hu\/index.php\/wp-json\/wp\/v2\/media?parent=507"}],"curies":[{"name":"wp","href":"https:\/\/api.w.org\/{rel}","templated":true}]}}

Beiskolázási körzet

<p>Iskolánk beiskolázási körzete Kemenesmagasi, Szergény és Vönöck községek.</p>
<p>Intézményünkbe fogadunk más településekről is diákokat. Szeretettel várjuk azokat, akik családias, barátságos légkörben, kis létszámú osztályokban, sok-sok egyéni odafigyelés mellett szeretnének tanulni.</p>
<p>Jelenleg is tanítunk, nevelünk diákokat Kemeneshőgyészből, Pápocról, Nagysimonyiból, Kemenesszentmártonból, Celldömölkről, Répcelakról, Kemenesmihályfáról. Iskolabuszunk szállítja a gyermekeket minden reggel és délután.</p>

<p>Iskolánk beiskolázási körzete Kemenesmagasi, Szergény és Vönöck községek. Intézményünkbe fogadunk más településekről is diákokat. Szeretettel várjuk azokat, akik családias, barátságos légkörben, kis létszámú osztályokban, sok-sok egyéni odafigyelés mellett szeretnének tanulni. Jelenleg is tanítunk, nevelünk diákokat Kemeneshőgyészből, Pápocról, Nagysimonyiból, Kemenesszentmártonból, Celldömölkről, Répcelakról, Kemenesmihályfáról. Iskolabuszunk szállítja a gyermekeket minden reggel és délután.</p>
